when 1949 is divided by (-227)/(-7) - 237/553?
29
Let p(b) = 9*b**2 - 2*b + 3. Let s(z) = -11*z**2 - 51*z - 22. Calculate the remainder when p(2) is divided by s(-4).
5
Suppose 24*n + 12 = 26*n. Let q(i) = 11*i - 38. Suppose 0 = d - 5 - 1. Calculate the remainder when q(n) is divided by d.
4
What is the remainder when ((-2460)/861)/(1/(-14)) is divided by (-3)/(5/((-210)/9))?
12
Let l(j) = j**2 - 13*j - 42. Let r = 184 + -168. Calculate the remainder when 20 is divided by l(r).
2
Let m(c) = -2*c**3 - 12*c**2 - 5*c + 10. Let j be m(-6). Suppose -j*x - 450 = -35*x. Let v = 113 + x. Calculate the remainder when 137 is divided by v.
22
Suppose 3*p + t = 6*t + 3255, -2*p + 2148 = 4*t. Calculate the remainder when p is divided by 23.
22
Let s(y) = -y**2 + 29*y - 158. Calculate the remainder when 60 is divided by s(17).
14
Let s = -3921 + 4303. Calculate the remainder when s is divided by 109.
55
Let m be 9/((-4)/(73 - -3)). Let f = m - -246. Suppose -z - 4*z = -f. Calculate the remainder when 17 is divided by z.
2
Let x(q) = -q**3 - 6*q**2 - 10*q + 4. Suppose 11*w = 63 + 36. Suppose 4*u + 11 = -w. What is the remainder when 56 is divided by x(u)?
27
Let a = 14441 - 14141. What is the remainder when a is divided by 5?
0
Suppose -5*z - 217 = -v, -2*v = 2*z - 115 - 247. Let g = 48 - -46. What is the remainder when v is divided by g?
93
Let f = 4959 - 4270. Calculate the remainder when f is divided by 146.
105
Let i(s) = 11*s**2 - 5 + s**3 + 24 - 32*s**2 + 19 + 20*s. Let z(v) = 2*v**3 + 2*v**2 - v - 2. Let o be z(2). What is the remainder when i(o) is divided by 14?
10
Let y = -4483 + 4605. Calculate the remainder when 200 is divided by y.
78
Let k = -4 - -60. Let x(m) = -m**3 + 32*m**2 - 55*m - 42. What is the remainder when x(30) is divided by k?
52
Suppose -5*h = 5*l - 17655, 27*l = -5*h + 30*l + 17695. Calculate the remainder when h is divided by 60.
56
Let m = 714 - 236. What is the remainder when m is divided by 10?
8
Suppose -7*a = -1035 - 288. Suppose -2*z = -z - 3*p - 73, -3*z + 3*p = -a. Calculate the remainder when z is divided by 22.
14
Suppose 1 = y - 25. Let p = y - 26. Calculate the remainder when 45/1 - (1 - p) is divided by 15.
14
Let c = -1265 + 1435. Calculate the remainder when c is divided by 78.
14
Suppose 12*m - 510 = -3*m. Let a = 93 - 93. Suppose -5*x + a*x = -645. Calculate the remainder when x is divided by m.
27
Suppose -39*g = -130*g + 8554. Calculate the remainder when 638 is divided by g.
74
Let i be (-3112)/(-8) + 0 + -5. Let n = i - 316. Calculate the remainder when n is divided by 12.
8
What is the remainder when 7561 is divided by ((-988)/(-260))/((-5)/(-50))?
37
Calculate the remainder when 10*(-1 - 0)*(121360/32)/(-41) is divided by 461.
3
Let i(h) = h**3 + 5*h**2 - 5*h - 4. Suppose -640*z = -1065*z + 558*z - 22078. Calculate the remainder when z is divided by i(-5).
19
Suppose -2118 = -38*g + 786 + 934. What is the remainder when 281 is divided by g?
79
Let r = 44 - 40. Suppose r*d - 4 = 2*d. Suppose 3*i - 68 = -i - d*p, i + 5*p = 8. Calculate the remainder when 86 is divided by i.
14
Suppose 0 = -2*m - 6, -2*m = -0*h - 5*h + 96. What is the remainder when 299 is divided by h?
11
Let u(c) = -20*c. Let y be u(-1). What is the remainder when 34 + 2/(4/(-10)) is divided by 20/(-8)*(-128)/y?
13
Suppose 27*h = 2*v + 25*h - 216, -2*h = 5*v - 547. What is the remainder when 436 is divided by v?
0
Suppose 2*a - 2*o = 12 - 2, a + 13 = -5*o. Suppose i - 8*p - 9 = -4*p, -2*i + 2*p = 0. Calculate the remainder when 365/15 - a/i is divided by 13.
12
Suppose 40*u - 315 - 245 = 0. What is the remainder when 4787 is divided by u?
13
Suppose 0 = 5*f + 3*w - 134, -2*f - 94 = -5*f + 5*w. Calculate the remainder when f is divided by 18.
10
Let v(x) = -x**2 + 9*x - 16. Let q be v(4). Suppose -17 - 3 = -q*w. Let y(o) = -o + 50. Calculate the remainder when y(w) is divided by 12.
9
Suppose -3 = -640*z + 637*z. What is the remainder when 367/z + 2 + 8 + -6 is divided by 6?
5
Suppose -10 + 0 = a. Suppose -4*v - 2867 + 3059 = 0. Let c = v - a. Calculate the remainder when c is divided by 30.
28
Suppose -3*s = -y + 82, 0 = 19*y - 16*y + 7*s - 326. Calculate the remainder when 686 is divided by y.
7
Suppose -m + 1 = -2*q, 4*m - 4*q - 24 + 0 = 0. Suppose d + 5 - 26 = 0. Suppose -2*o = -d - 15. Calculate the remainder when o is divided by m.
7
Let y(t) = t**2 + 35*t - 158. Suppose 64 = 4*h + 224. What is the remainder when 209 is divided by y(h)?
41
Let s(w) = -12*w**2 + 684*w + 4. What is the remainder when s(56) is divided by 231?
214
Let y = -1563 - -2138. What is the remainder when y is divided by 150?
125
Let p = -3131 - -3144. Calculate the remainder when 243 is divided by p.
9
Let d(b) = -b**3 - b**2 + 40*b + 156. What is the remainder when 178 is divided by d(-6)?
82
Let c = 183 - 155. Suppose 6*t - c - 26 = 0. Calculate the remainder when 15 is divided by t.
6
Let k(j) = -2*j**3 + 122*j**2 - 5*j + 791. Calculate the remainder when k(61) is divided by 85.
61
Let k(i) = -2*i**3 - 4*i**2 - 3*i + 2. Let x be k(-3). Suppose 5*g - 26 = -y, -5*g - 4*y + 0*y = -x. What is the remainder when 57 is divided by g?
2
Let o(b) = b**2 - 4*b + 4. Calculate the remainder when o(4) is divided by 1/(-3)*4 + (-3616)/(-678).
0
Suppose 0 = -401*s + 69697 + 105941. What is the remainder when s is divided by (-65 + (1 - -1))*-1?
60
Let m be (21/(-6))/(2 + 20/(-8)). Suppose 33*y - m*y - 8606 = 0. Calculate the remainder when y is divided by 48.
43
Suppose 0 = -2*z + 87 + 13. Suppose -z = -2*a + 70. Suppose 2*o - 26 = 85*u - 83*u, -o = -2*u - 5. What is the remainder when a is divided by o?
18
Let v(b) = 101*b - 604. Calculate the remainder when v(12) is divided by 34.
30
Suppose -88 = -4*y + 4*w, -5*w = 19*y - 23*y + 84. What is the remainder when 3639 is divided by y?
25
Let p = -607 - -772. What is the remainder when p is divided by 76?
13
Let o(u) = -2*u**3 + 101*u**2 + 52*u - 35. Calculate the remainder when 1901 is divided by o(51).
13
Let w = 61 + -25. Let k = -371973 + 372070. Calculate the remainder when k is divided by w.
25
Let l = -29435 - -29667. Calculate the remainder when 9510 is divided by l.
230
Suppose 158*v - 12950 = -44*v + 10078. What is the remainder when 136 is divided by v?
22
Suppose -6*d - 20 = -11*d. Suppose d*g = 2*g - 12. Calculate the remainder when 45 is divided by (-15)/g + 189/14.
13
Calculate the remainder when (5 + 7/14)/(3/78) is divided by 40.
23
Let i = -14838 + 20232. What is the remainder when i is divided by 674?
2
Suppose 15*n - 11*n + 12 = 4*w, 0 = 2*w - 12. What is the remainder when 13 + -5 - (1 + -2) is divided by n?
0
Let j(a) = -a**3 + 19*a**2 - 4*a - 496. Let r(y) = y**3 + 7*y**2 + 4*y - 3. Calculate the remainder when j(17) is divided by r(-6).
5
Suppose -76 = 6*g - 160. Suppose 0 = 11*a - 300 + g. What is the remainder when 41 is divided by a?
15
Let b(v) = 88*v - 346. What is the remainder when 141 is divided by b(5)?
47
Let d = 49 - 44. Suppose 3*j + 118 - 10 = d*o, 4*o - 5*j = 76. What is the remainder when 142 is divided by o?
22
Let i be (-3)/5 + 858/55. Suppose -183 - i = -2*o. Let u = o - 10. Calculate the remainder when u is divided by 45.
44
What is the remainder when 15989 is divided by (-4)/(-38) - 30912/(-5244)?
5
Suppose -200 = -12*b + 4*b. Suppose -b = 5*v, v - 5 = 2*z - 74. Calculate the remainder when z is divided by 28.
4
What is the remainder when 0 + 13 + (8 - -815) is divided by 70?
66
Suppose 0 = 34*f - 6471 + 385. What is the remainder when f is divided by 24?
11
Let f = 804 + -790. Calculate the remainder when 1328 is divided by f.
12
Suppose -2*y - 3*y = 5*r - 6980, 3*y - 4*r - 4209 = 0. Calculate the remainder when y is divided by 20.
19
Suppose 0 = 5*p - 10*p + 330. What is the remainder when p is divided by 0 + 1 - (-2 + -12 + -5)?
6
Let j = -7855 - -8022. Calculate the remainder when 625 is divided by j.
124
What is the remainder when 5741 is divided by 8 + -3 + -15 - -25?
11
Let l = 1035 + -1722. Let r = -481 - l. Calculate the remainder when r is divided by 52.
50
Suppose -811*m + 1058 = -788*m. What is the remainder when 587 is divided by m?
35
Suppose q - 6*q = 6*q - 4334. Calculate the remainder when q is divided by 66.
64
Let y = 40458 + -40424. What is the remainder when 